mainder when 28524224 is divided by 57?
56
What is the remainder when 222407 is divided by 222356?
51
Calculate the remainder when 47449681 is divided by 129.
127
Calculate the remainder when 11856344 is divided by 1168.
1144
Calculate the remainder when 21129764 is divided by 11864.
11844
Calculate the remainder when 9603320 is divided by 4801617.
86
What is the remainder when 267511 is divided by 33422?
135
Calculate the remainder when 12942383 is divided by 13.
12
Calculate the remainder when 64755091 is divided by 90.
1
What is the remainder when 6016129 is divided by 316637?
26
What is the remainder when 572032 is divided by 91?
6
What is the remainder when 9644302 is divided by 315?
262
What is the remainder when 8803062 is divided by 18378?
0
Calculate the remainder when 12630 is divided by 2938.
878
What is the remainder when 25020355 is divided by 2714?
2703
Calculate the remainder when 6372413 is divided by 691.
11
What is the remainder when 70222921 is divided by 412?
405
What is the remainder when 3152479449 is divided by 671?
669
What is the remainder when 79735 is divided by 26555?
70
Calculate the remainder when 5468136 is divided by 758.
682
What is the remainder when 283670 is divided by 1233?
80
Calculate the remainder when 1150017 is divided by 8456.
1
Calculate the remainder when 21654710 is divided by 6466.
76
What is the remainder when 264698736 is divided by 4414?
4398
What is the remainder when 107432 is divided by 235?
37
What is the remainder when 2555364 is divided by 851787?
3
What is the remainder when 3496101 is divided by 5?
1
Calculate the remainder when 661497 is divided by 30044.
529
What is the remainder when 1124228 is divided by 1263?
158
What is the remainder when 136528 is divided by 136440?
88
Calculate the remainder when 35005834 is divided by 14.
10
What is the remainder when 6707508 is divided by 2235835?
3
Calculate the remainder when 12247245 is divided by 1482.
1479
Calculate the remainder when 32760894 is divided by 1201.
16
What is the remainder when 32745055 is divided by 4?
3
What is the remainder when 28184276 is divided by 57?
56
Calculate the remainder when 56707262 is divided by 56707249.
13
Calculate the remainder when 9654898 is divided by 73.
64
What is the remainder when 1033673 is divided by 118?
111
What is the remainder when 98084 is divided by 4192?
1668
Calculate the remainder when 331610 is divided by 110465.
215
Calculate the remainder when 11917101 is divided by 173.
169
What is the remainder when 1407024 is divided by 7177?
332
What is the remainder when 4325656 is divided by 9831?
16
What is the remainder when 9595362 is divided by 77?
7
Calculate the remainder when 316357630 is divided by 3072.
3070
Calculate the remainder when 1612454 is divided by 242.
8
Calculate the remainder when 275614 is divided by 1310.
514
What is the remainder when 1019626 is divided by 154?
146
Calculate the remainder when 29066 is divided by 3500.
1066
What is the remainder when 56170264 is divided by 391?
377
What is the remainder when 258264429 is divided by 18?
15
Calculate the remainder when 515894 is divided by 254793.
6308
Calculate the remainder when 1448379 is divided by 3043.
2954
Calculate the remainder when 434162 is divided by 2334.
38
What is the remainder when 48911235 is divided by 3323?
3321
What is the remainder when 83253 is divided by 258?
177
What is the remainder when 2164231 is divided by 5125?
1481
What is the remainder when 2333051 is divided by 4840?
171
What is the remainder when 146534 is divided by 1340?
474
Calculate the remainder when 20722 is divided by 2936.
170
What is the remainder when 5610717 is divided by 571?
71
Calculate the remainder when 29603 is divided by 1326.
431
What is the remainder when 154016 is divided by 30800?
16
What is the remainder when 26138 is divided by 314?
76
Calculate the remainder when 11618749 is divided by 1581.
1561
What is the remainder when 111091172 is divided by 907?
905
What is the remainder when 37573843 is divided by 203?
167
What is the remainder when 12410341 is divided by 12410332?
9
Calculate the remainder when 3310234 is divided by 300.
34
What is the remainder when 27686 is divided by 24500?
3186
What is the remainder when 175944925 is divided by 1144?
13
Calculate the remainder when 33757266 is divided by 1467707.
5
Calculate the remainder when 226628 is divided by 9396.
1124
What is the remainder when 393693 is divided by 7157?
58
Calculate the remainder when 9778 is divided by 415.
233
What is the remainder when 235592278 is divided by 385?
383
Calculate the remainder when 370420 is divided by 137.
109
Calculate the remainder when 10248 is divided by 10133.
115
What is the remainder when 5070896 is divided by 1466?
2
Calculate the remainder when 6872 is divided by 685.
22
What is the remainder when 17200907 is divided by 384?
11
Calculate the remainder when 8985624 is divided by 55.
54
Calculate the remainder when 139233602 is divided by 88.
2
What is the remainder when 6386708 is divided by 638669?
18
What is the remainder when 50313857 is divided by 1084?
1081
What is the remainder when 3020760 is divided by 1778?
1716
Calculate the remainder when 800192 is divided by 24228.
668
Calculate the remainder when 3707538 is divided by 1924.
1914
Calculate the remainder when 3334070 is divided by 14818.
20
What is the remainder when 630742 is divided by 31531?
122
What is the remainder when 2660093 is divided by 9638?
5
Calculate the remainder when 7344948 is divided by 60702.
6
Calculate the remainder when 7447011 is divided by 310288.
99
What is the remainder when 12313530 is divided by 100110?
0
Calculate the remainder when 4319397 is divided by 2457.
2448
Calculate the remainder when 1534816 is divided by 8620.
456
What is the remainder when 58879 is divided by 2714?
1885
Calculate the remainder when 827354 is divided by 536.
306
What is the remainder when 297641 is divided by 2736?
2153
Calculate the remainder when 24314 is divided by 4048.
26
Calculate the remainder when 8357365 is divided by 832.
757
Calculate the remainder when 677421078 is divided by 2396.
2394
Calculate the remainder when 7312469 is divided by 25128.
221
What is the remainder when 823386 is divided by 35791?
193
What is the remainder when 13890554 is divided by 94?
80
What is the remainder when 312430 is divided by 18?
4
What is the remainder when 4942787 is divided by 518?
31
What is the remainder when 17934961 is divided by 817?
177
What is the remainder when 5233 is divided by 1681?
190
Calculate the remainder when 2496 is divided by 928.
640
Calculate the remainder when 16149536 is divided by 587.
579
What is the remainder when 91239020 is divided by 22809753?
8
Calculate the remainder when 2315195 is divided by 204.
203
Calculate the remainder when 57702010 is divided by 1109654.
2
Calculate the remainder when 45060992 is divided by 35.
32
Calculate the remainder when 76202199 is divided by 25.
24
Calculate the remainder when 541614 is divided by 541553.
61
What is the remainder when 1336912 is divided by 100?
12
Calculate the remainder when 70986 is divided by 3547.
46
What is the remainder when 400609 is divided by 753?
13
What is the remainder when 411925 is divided by 2558?
87
What is the remainder when 4954390 is divided by 53847?
466
Calculate the remainder when 11962313 is divided by 13.
12
Calculate the remainder when 1846072 is divided by 67.
21
Calculate the remainder when 4271062 is divided by 43142.
4
Calculate the remainder when 4482198 is divided by 146.
144
What is the remainder when 126000 is divided by 2252?
2140
What is the remainder when 85795 is divided by 157?
73
Calculate the remainder when 20813577 is divided by 180.
177
What is the remainder when 26742242 is divided by 3973?
3952
Calculate the remainder when 27603885 is divided by 2844.
21
What is the remainder when 8565535 is divided by 315?
55
Calculate the remainder when 8906323 is divided by 286.
283
Calculate the remainder when 277205 is divided by 276842.
363
What is the remainder when 7272026 is divided by 6581?
21
What is the remainder when 1759362 is divided by 3193?
19
Calculate the remainder when 18644231 is divided by 358542.
47
What is the remainder 